3 + t**2 - 5*t - 4. Let i be c(-3). Let o = 0 - i. What is the units digit of o?
7
Suppose -5*l + 4*p + 525 = 0, -127 = -3*l + 5*p + 201. What is the tens digit of l?
0
Suppose h - 3 = -0*h. Suppose -2*y - 14 = 3*m + 3*y, -m + h*y = -14. Suppose m*z + 4*q - 11 - 11 = 0, 0 = 3*q + 6. What is the units digit of z?
5
Let s(n) = -n + 2. Let h be (-4)/((-8)/(-6)) - 1. What is the units digit of s(h)?
6
Let a(p) = p**3 - 8*p**2 + 9. What is the units digit of a(8)?
9
Suppose -220 = 11*y - 1375. What is the hundreds digit of y?
1
Let h = 12 + -1. Suppose 0 = -m + 7 + h. What is the tens digit of (-4)/m + 101/9?
1
Suppose 5*k - 22 = 2*l, 5*l = -k + 3*k + 8. What is the units digit of k?
6
Let q(v) = 8*v + 1. Let o be q(-1). Let s(d) = 2*d**2 + 8*d - 4. Let h be s(o). Suppose 5*k - 17 - h = 0. What is the tens digit of k?
1
Let p(v) be the second derivative of -v**4/12 + 3*v**3/2 + v**2 - 3*v. What is the tens digit of p(8)?
1
Let z = 13 + 10. Let k = z + -14. Let m = -2 + k. What is the units digit of m?
7
Let g = -26 + 65. What is the tens digit of g?
3
Suppose -52 = -0*p - p. Suppose 0 = -3*m - h + 10, m + 3*h - 3 = 11. Suppose -2*g + p = m*g. What is the tens digit of g?
1
Let c(i) = -i**2 - 12*i - 1. Let d(s) = -s + 1. Let l(k) = c(k) - 4*d(k). What is the units digit of l(-6)?
7
Let x = -3 - -3. Suppose -6 = 2*l - 6*l - 3*q, x = l + 5*q + 7. Suppose 3*m = 5*m + 4*k - 4, l*m + 5*k = 8. What is the units digit of m?
6
Suppose 0*u - 3*u - 69 = -4*o, 0 = -2*o - u + 37. What is the tens digit of (29/(-2))/((-9)/o)?
2
Suppose -42*a = -37*a - 160. Let b(g) = -g**2 - 1. Let p be b(4). Let c = p + a. What is the tens digit of c?
1
Suppose 0 = 4*n + 2*n. Suppose 1 = z - n. What is the units digit of z?
1
Let i(f) = f**3 - f**2 + 4*f + 7. What is the units digit of i(5)?
7
Let w be (-3*(-16)/(-12))/(-2). Suppose -48 = -4*u + w*u. What is the units digit of u?
4
Let g = -47 - -72. What is the tens digit of g?
2
Let g(v) = -v**2 - 4*v + 4. Let l be g(-6). Let f(r) = r**2 + 9*r + 8. Let x be f(l). Suppose x = -7*a + 2*a + 50. What is the tens digit of a?
1
Suppose 2*d + 41 = -5*i + 353, 0 = 2*d - 3*i - 280. What is the tens digit of d?
4
Let u = -6 + 9. Suppose u*o + 32 = 4*l, -o = 5*l - 0*l - 21. Suppose -1 = -j + 3*a - l, a = -3*j + 18. What is the units digit of j?
5
Let v = 46 + 118. What is the tens digit of v?
6
What is the tens digit of -1 - 1 - -90 - -4?
9
Let j = -4 + 7. Suppose 0 = -j*l + 2*l + 4. What is the units digit of l?
4
Suppose 0 = -2*v - 12. Let q(m) = -m + 5. What is the tens digit of q(v)?
1
Let b(n) = 6*n - 2*n**2 + n + 11*n + 4 - 5*n. Let t(z) = z**2 - 6*z - 2. Let y(k) = 3*b(k) + 5*t(k). What is the units digit of y(9)?
2
Suppose 85 = 5*r - 5*x, -3*r + 83 = 5*x - 0*x. What is the tens digit of r?
2
Suppose 0 = 5*b - 51 - 34. What is the tens digit of b?
1
Let b(c) = -c**2 + 2*c + 1. Let m be b(5). Let s = m + 23. What is the units digit of (s/(-2))/(3/(-6))?
9
Suppose -6*o + 1 = -17. Suppose o*h = 4*h - 6. What is the units digit of h?
6
Suppose 0 = -2*x - 3*x - 15. What is the units digit of 1*(x - -10*1)?
7
What is the units digit of (-3)/(-15)*5*42?
2
Let j be (-159)/(-18) + 1/6. Let m = j + -5. What is the units digit of m?
4
Let m(r) = 3*r + 42. What is the units digit of m(12)?
8
Let x be (0/4)/(1 + 0). Suppose a = -4*n + 137, -2*n - 4*a = -x*n - 58. Suppose -3*u = 4*j - n, -u = 5*j - 2*j - 20. What is the units digit of j?
5
Let d be -1*4*(-7 - -2). Suppose 5*p = -r, -p + 4 = -3*r + 20. Suppose -5*b + d = -2*i, b + 5*i + r = 6*b. What is the units digit of b?
6
What is the units digit of (-9)/21 + (-76)/(-14)?
5
Let t = 0 + 3. Suppose -t*z + 0 + 27 = 0. What is the units digit of z?
9
Suppose -5*g = -3*g - 14. What is the units digit of g?
7
What is the units digit of 620/22 + 2/(-11)?
8
Let b = 12 - -25. Suppose -50 = o + o. Let q = o + b. What is the units digit of q?
2
What is the tens digit of 5*(10 + 0/4)?
5
Let h = 2 - 1. Let l be (-11)/h - (-1)/(-1). What is the tens digit of (-123)/l - 1/4?
1
Suppose -7 = -2*d + d. Let r = -6 + d. What is the units digit of r?
1
What is the units digit of ((-2)/3*-3)/((-1)/(-26))?
2
Suppose l + 652 = 5*l. What is the units digit of l?
3
Let z = 5 - -14. What is the units digit of z?
9
Let r be (2/3)/((-2)/(-3)). Let f(m) be the third derivative of m**4/24 + 3*m**2. What is the units digit of f(r)?
1
Suppose -2*t = -31 - 21. Suppose o = -o + t. What is the units digit of o?
3
Let k(g) = -g + 7. Let a(o) = o**3 + 10*o**2 + 10*o - 6. Let n be a(-9). What is the units digit of k(n)?
2
Let g(d) = 4*d**2 - d - 2. Let c(a) = -a**2 - 8*a + 11. Let l be c(-9). What is the tens digit of g(l)?
1
Let a = -192 + 329. What is the hundreds digit of a?
1
Let y = 296 - 101. What is the tens digit of y?
9
Let w = -5 - -35. What is the units digit of w?
0
Suppose 5*p = 10*p - 150. What is the units digit of p?
0
Let z(w) = -50*w + 4. What is the hundreds digit of z(-2)?
1
Suppose -8*c = -12*c + 896. What is the tens digit of c?
2
Let r(n) = 2*n**2 - 14*n - 7. What is the units digit of r(10)?
3
Let r be 4/(12/27) + -3. Suppose 9 + r = c. What is the tens digit of c?
1
Suppose 158 = 2*f + 3*p, 5*f + 0*p + 2*p - 384 = 0. Suppose 6*k + f = 10*k. What is the tens digit of k?
1
Let v(z) = z + 4. Let i be v(7). Suppose -4*w = i - 47. What is the units digit of w?
9
Suppose 2*l - 168 = -12*l. What is the tens digit of l?
1
Let t = -7 - -9. Let s(b) = 5*b**2 - 1 - 1 + 0*b**2 - b + 1. What is the tens digit of s(t)?
1
Let j(x) = 9*x - 12. Let u be j(8). Suppose 0*z - u = -5*z. What is the units digit of z?
2
Suppose -3*y - 1 = -4. Let f = -1 - y. Let k = f + 5. What is the units digit of k?
3
Let i be (29/(-2))/((-3)/6). Suppose -2*m + 12 = m. Suppose -3*p + 2*n = -2, -p - n + i = m*n. What is the units digit of p?
4
Suppose 4*n = 9*n - 10. Suppose 0 = -n*b + 3*b + 2*s - 46, 5*s = -2*b + 97. What is the units digit of (1/(-3))/((-4)/b)?
3
Let h(k) = 2*k**2 + 2*k + 1. Let b be (1 + 2)/(-1) + -1. Let n = b + 3. What is the units digit of h(n)?
1
Let k be 5*5/((-25)/54). Let f = k - -78. What is the tens digit of f?
2
Suppose -6*v = -4*v - 198. What is the units digit of v?
9
Let p(l) = l**3 + 6*l**2 + 5. Let k be p(-6). Suppose -245 = -5*h + 5*m, 205 = k*h + 5*m - 0*m. What is the units digit of h?
5
Let l(h) be the first derivative of -h**3/3 - 11*h**2/2 - 10*h + 2. Let r be l(-10). Let f = r + 2. What is the units digit of f?
2
Let y(u) be the third derivative of u**5/60 - u**4/2 + 5*u**3/6 + 2*u**2. Let z = 25 - 13. What is the units digit of y(z)?
5
Let f(b) = -b**2 - 7*b - 4. Let j be f(-6). Suppose -8*g + 25 = -3*g. What is the units digit of 10*(j/g + 0)?
4
Let k be 33/(-6) - (-3)/(-2). Let g = -2 - k. What is the units digit of g?
5
Let m(u) = u**2 + 4*u + 5. Let r be m(-5). Let q(j) = -j**3 + 9*j**2 + 10*j + 8. Let v be q(r). Suppose v*l = 3*l + 60. What is the units digit of l?
2
Suppose 5*f - 14 = -w + 19, 147 = 4*w + 5*f. Let y be (2/(-2))/(-1)*2. Suppose -4*j = -4*u + 44, 0 = -u - y*u + 4*j + w. What is the units digit of u?
6
Let t = -36 - -88. Suppose 0 = -5*c + t - 17. What is the units digit of c?
7
Let r(k) = k**3 - 12*k**2 - k + 13. Let p be r(12). Suppose 12 = -2*v + 4*v. Let s = v + p. What is the units digit of s?
7
Let d(u) = -10*u + 0 + 25*u - 4. What is the units digit of d(3)?
1
What is the tens digit of 173 - (30/20 + 1/2)?
7
Suppose -5 - 43 = -3*b. Suppose 4*n + b = 104. What is the tens digit of n?
2
Let a(n) = -n**3 + 5*n**2 - n - 2. Let t be a(4). Suppose -4*s - 3*w - t = -w, -5*s - 14 = 4*w. Let z = s + 3. What is the units digit of z?
1
Let m be (3/6)/((-4)/(-40)). Suppose -g + 3 = -m. What is the units digit of g?
8
Let u(f) = f**2 + 11*f + 14. What is the units digit of u(-11)?
4
Suppose 5*n = 4*w + 446, 5*n = -2*w + 112 + 310. What is the tens digit of n?
8
Suppose 1 = p - 3. Suppose 0 = -p*g + 138 + 2. Suppose -3*k = 5*s - g, -3*k - k = -s - 62. What is the units digit of k?
5
Suppose 2*g - 2*l = 3*l + 11, 4*l + 10 = g. What is the units digit of 1*g/4*-44?
2
Suppose 0*f - 4*f - 52 = 0. Let j = f - -21. What is the units digit of j?
8
What is the units digit of (32/(-6))/(4 - (-42)/(-9))?
8
Suppose 104 = 4*f + 28. Suppose -39 - 28 = 4*t - 3*n, -5*t = 2*n + 55. Let d = f + t. 